2. Calculate q(-1).
-18
Let w(i) = -31*i - 58. Determine w(-2).
4
Let o(l) = -l**3 + 2*l**2 + 13*l + 4. Calculate o(-3).
10
Let q(g) = g**3 + 14*g**2 - 32*g - 2. Give q(-16).
-2
Let a(m) = -m**3 - 16*m**2 - 14*m - 3. Calculate a(-15).
-18
Let z(n) = 2*n**2 + 10. Give z(4).
42
Let n(i) = i**3 - 12*i**2 - 16*i - 7. Calculate n(13).
-46
Let o(l) = l**2 + 36*l - 113. Determine o(3).
4
Let i(h) = -h**2 - 2*h + 29. Determine i(-5).
14
Let f(p) = -p**3 - 25*p**2 + 27*p + 18. Give f(-26).
-8
Let d(k) = 4*k**3 - 25*k**2 + 7*k - 13. Give d(6).
-7
Let t(a) = 5*a - 58. What is t(9)?
-13
Let c(l) = l**2 + l + 8. Calculate c(0).
8
Let q(i) = -5*i + 117. What is q(23)?
2
Let s(w) = w**2 + 14*w + 20. What is s(-12)?
-4
Let d(u) = -5*u + 24. What is d(13)?
-41
Let f(p) = 6*p + 42. What is f(-7)?
0
Let v(h) = -7*h + 18. Determine v(11).
-59
Let f(v) = -v**2 + 6*v - 2. Determine f(4).
6
Let w(h) = -h**3 + h**2 - h - 1. Determine w(3).
-22
Let t(q) = -q**3 - q**2 + 6*q + 7. What is t(-2)?
-1
Let u(g) = g**3 - g**2 - 12*g + 11. Calculate u(4).
11
Let i(o) = o**3 - 9*o**2 - 11*o + 7. Calculate i(10).
-3
Let f(s) = -2*s + 14. Give f(-4).
22
Let h(r) = -5*r**2 - r - 2. Calculate h(-2).
-20
Let l(k) = -k**3 + 7*k**2 - k - 13. Give l(5).
32
Let l(w) = w**3 + 10*w**2 - 14*w - 143. Calculate l(-10).
-3
Let z(k) = -160*k + 636. Determine z(4).
-4
Let x(t) = -2*t**2 + 14*t - 5. What is x(7)?
-5
Let f(k) = -9*k - 4. Calculate f(6).
-58
Let z(i) = -7*i - 26. Calculate z(-4).
2
Let l(g) = 9*g - 85. What is l(6)?
-31
Let w(h) = -h**3 - 23*h**2 + 108*h + 4. Give w(-27).
4
Let c(r) = r**2 + 29*r + 64. What is c(-27)?
10
Let z(x) = x**3 - 5*x**2 + 17*x - 71. What is z(5)?
14
Let v(k) = k**2 - 21*k + 2. Determine v(21).
2
Let t(n) = -n**3 + n**2 + 3*n + 2. What is t(3)?
-7
Let u(t) = 4*t**3 - 66*t**2 + 33*t - 22. Calculate u(16).
-6
Let k(q) = -q**3 - q**2 + 41*q + 61. Give k(-6).
-5
Let s(c) = -88*c + 446. Calculate s(5).
6
Let t(k) = k**2 - 4*k - 5. Give t(-2).
7
Let w(c) = -3*c - 12. Calculate w(7).
-33
Let q(y) = 2*y + 20. What is q(-9)?
2
Let a(w) = 3*w - 40. Calculate a(9).
-13
Let b(w) = 3*w**2 - w + 4. Give b(0).
4
Let x(k) = -k**3 + 16*k**2 - 18*k + 40. Determine x(15).
-5
Let m(a) = a**2 - 13*a + 16. Calculate m(12).
4
Let g(x) = -x**3 + 4*x**2 - x + 1. Calculate g(3).
7
Let h(n) = n**3 + 13*n**2 - 14*n + 11. What is h(-14)?
11
Let x(p) = p**2 - 19*p + 1. Calculate x(19).
1
Let g(f) = 2*f + 31. Determine g(5).
41
Let s(r) = 2*r**3 + r**2 - 5*r - 5. Give s(-2).
-7
Let l(r) = r**3 - 6*r**2 - 8*r + 9. What is l(6)?
-39
Let x(w) = -w**3 - 6*w**2 - 2*w - 7. Give x(-6).
5
Let k(m) = -4*m**2 + 25*m - 23. Determine k(5).
2
Let h(s) = s - 10. What is h(10)?
0
Let v(h) = h**3 - h**2 - 5*h + 1. Determine v(3).
4
Let w(d) = -10*d - 22. Calculate w(-2).
-2
Let n(i) = -i**2 - 14*i - 38. Determine n(-5).
7
Let r(w) = 4*w**2 - 3*w - 2. What is r(-1)?
5
Let k(y) = y**2 - 24*y + 100. What is k(19)?
5
Let w(h) = -h**3 + 19*h**2 + 22*h + 27. What is w(20)?
67
Let t(o) = o**2 + 9*o - 10. What is t(-7)?
-24
Let x(c) = -c**3 - 13*c**2 + 7. What is x(-13)?
7
Let f(t) = -17*t - 35. Determine f(-2).
-1
Let b(p) = -p**3 - 8*p**2 + 8*p + 9. Give b(-9).
18
Let w(c) = -c**2 - 16*c - 22. Calculate w(-17).
-39
Let s(f) = 131*f + 381. Determine s(-3).
-12
Let n(o) = 2*o - 1. Determine n(6).
11
Let o(t) = -t**3 + 19*t**2 - 21*t + 36. Determine o(18).
-18
Let t(o) = 11*o + 106. Determine t(-10).
-4
Let b(d) = 2*d**2 + 2*d + 5. Determine b(0).
5
Let x(w) = 2*w**3 - 24*w**2 - 28*w + 32. Determine x(13).
6
Let v(h) = -h**2 + 17*h - 10. Calculate v(7).
60
Let i(z) = -z**2 + 1. What is i(2)?
-3
Let g(z) = 9*z + 1. Determine g(8).
73
Let m(g) = -g**3 + 15*g**2 + 31*g + 8. Give m(17).
-43
Let y(r) = 2*r**2 + 24*r - 31. What is y(-11)?
-53
Let s(y) = 14*y + 221. Calculate s(-15).
11
Let p(g) = -g**3 - 24*g**2 - 65*g - 28. Determine p(-21).
14
Let u(v) = v**2 - 5*v - 21. What is u(10)?
29
Let r(p) = -2*p**2 - 4*p + 1. Give r(-2).
1
Let h(a) = -a**2 + 8*a + 110. Calculate h(-7).
5
Let v(j) = -j**3 - 4*j**2 + 4*j + 3. Determine v(-4).
-13
Let g(b) = -b**3 - 10*b**2 - 13. Calculate g(-10).
-13
Let a(x) = 5*x. What is a(-8)?
-40
Let a(o) = -4*o + 6. Calculate a(-9).
42
Let o(p) = -3*p + 45. Determine o(-5).
60
Let y(p) = -2*p**2 - 10*p - 13. Calculate y(-4).
-5
Let y(u) = -2*u - 39. Determine y(-22).
5
Let r(f) = -f**2 - 10*f + 45. What is r(6)?
-51
Let b(a) = -a**3 - 18*a**2 + 12*a - 62. Give b(-19).
71
Let t(v) = -v**3 + 4*v**2 + 8*v - 6. Determine t(6).
-30
Let b(i) = -i**2 + 11*i - 15. Calculate b(7).
13
Let r(q) = -q**2 - 14*q - 12. Give r(-12).
12
Let p(d) = d**2 + 14*d + 10. Calculate p(-13).
-3
Let n(o) = o**2 - 4*o - 1. Give n(6).
11
Let o(y) = -4*y**2 - y - 3. Calculate o(3).
-42
Let y(n) = n**3 + 2*n**2 + 4*n + 1. What is y(-2)?
-7
Let x(s) = -s**3 - 8*s**2 - 23. Determine x(-8).
-23
Let o(a) = a**3 - 4*a**2 - 5*a - 1. What is o(5)?
-1
Let s(h) = -9*h + 7. Give s(0).
7
Let m(t) = t**3 - 16*t**2 - 18*t - 33. What is m(17)?
-50
Let k(y) = 2*y**2 + 3. Determine k(0).
3
Let o(t) = -3*t**3 - 49*t**2 - 15*t + 13. Calculate o(-16).
-3
Let j(i) = -i**2 + 8*i + 1. Calculate j(6).
13
Let x(j) = -2*j - 8. Determine x(2).
-12
Let s(p) = p**3 + p**2 - 2*p + 1. Determine s(-3).
-11
Let r(s) = s - 6. Calculate r(-8).
-14
Let p(v) = v**3 - 10*v**2 + 11*v - 27. Determine p(9).
-9
Let y(v) = -v**2 - 61*v - 337. Give y(-6).
-7
Let z(o) = -o**3 - 16*o**2 + 15*o - 38. Determine z(-17).
-4
Let b(y) = -2*y**2 + 21*y - 10. What is b(10)?
0
Let d(h) = h**3 + 16*h**2 + 3*h + 30. Determine d(-16).
-18
Let v(z) = z**3 - 3*z**2 + 2*z - 4. Calculate v(4).
20
Let d(v) = v - 7. Determine d(7).
0
Let o(k) = k**2 - 32*k + 189. What is o(25)?
14
Let o(a) = 7*a + 6. Calculate o(-5).
-29
Let p(a) = a**3 + 17*a**2 + 16*a + 27. Give p(-16).
27
Let c(t) = -t**3 - 22*t**2 - t. What is c(-22)?
22
Let b(p) = 17*p**2 + 4*p - 6. Calculate b(2).
70
Let i(m) = m**3 - 4*m**2 - 2*m - 7. What is i(5)?
8
Let u(n) = 16*n - 10. Calculate u(2).
22
Let p(k) = k - 17. Determine p(9).
-8
Let w(z) = -z**2 + 5*z - 5. What is w(0)?
-5
Let v(u) = -10*u - 116. Give v(-11).
-6
Let h(y) = y. What is h(-7)?
-7
Let l(m) = -20*m - 88. Determine l(-5).
12
Let v(m) = 6*m + 1. Calculate v(1).
7
Let d(u) = -5*u**2 + 14*u - 18. Calculate d(2).
-10
Let q(m) = -m**3 - 7*m**2 - 11*m - 18. Give q(-8).
134
Let d(m) = m**3 + 7*m**2 + 10*m - 3. Determine d(-4).
5
Let q(u) = u**2 - 31. Determine q(6).
5
Let v(m) = 16*m**2 + 2*m + 1. Give v(-2).
61
Let a(w) = -53*w**3 + w**2 + 3*w - 3. Calculate a(1).
-52
Let a(k) = 37*k**2 + 1. Calculate a(-1).
38
Let k(s) = -s**2 - 3*s - 6. Calculate k(-3).
-6
Let g(s) = 2*s**2 - 35*s + 9. Give g(17).
-8
Let p(u) = -10*u - 47. Calculate p(-4).
-7
Let w(s) = 22*s + 23. Calculate w(-5).
-87
Let m(c) = 36*c - 3. Determine m(2).
69
Let j(f) = f**3 + 22*f**2 + 39*f - 23. Give j(-20).
-3
Let b(h) = h**3 - 28*h**2 + 2*h - 31. Determine b(28).
25
Let w(k) = -k**2 + 8*k - 25. Give w(6).
-13
Let z(c) = 2*c - 21. Calculate z(17).
13
Let n(k) = 28*k + 29. Give n(-1).
1
Let c(i) = -i - 12. Determine c(0).
-12
Let p(c) = 3*c - 41. Determine p(12).
-5
Let y(h) = h**3 - 4*h**2 - 4*h + 8. Give y(6).
56
Let r(g) = g**3 - 4*g**2 + 2*g + 1. Calculate r(4).
9
Let f(z) = -6*z - 49. Give f(-9).
5
Let j(h) = h + 4. Determine j(6).
10
Let a(q) = 22*q**2 - 17*q - 16. Determine a(-1).
23
Let z(s) = -s**3 - 4*s**2 - 2*s + 3. Calculate z(-4).
11
Let n(t) = -2*t + 37. Determine n(13).
11
Let c(n) = n**3 + 4*n**2 - 2*n + 1. Determine c(-4).
9
Let n(y) = -2*y - 40. Determine n(0).
-40
Let c(v) = -v**3 + 10*v**2 - 9*v - 5. Determine c(9).
-5
Let r(i) = i**2 - 19*i - 11. Give r(19).
-11
Let q(r) = -r - 7. What is q(-12)?
5
Let r(q) = 3*q + 7. What is r(-4)?
-5
Let h(a) = 6*a**2 + 2*a + 1. Calculate h(-2).
21
Let j(d) = -d**3 - 20*d**2 + 26*d + 115. Give j(-21).
10
Let w(s) = -3*s**3 - s**2 + s + 2. What is w(-2)?
20
Let c(u) = u**3 + 7*u**2 - 10*u + 7. Give c(-8).
23
Let u(t) = -4*t**3 + t**2 + 25*t - 25. Calculate u(1).
-3
Let z(b) = -3*b**3 + 22*b**2 - 6*b - 7. What is z(7)?
0
Let w(a) = 9*a - 172. Determine w(19).
-1
Let n(v) = -v**2 + 61*v - 270. Give n(56).
10
Let p(y) = 9*y**2 - 2*y. Give p(1).
7
Let r(n) = -3*n + 34. Give r(9).
7
Let j(v) = v**2 - 2*v - 7. Give j(5).
8
Let